{"id":14725,"date":"2023-11-15T13:25:24","date_gmt":"2023-11-15T13:25:24","guid":{"rendered":"https:\/\/willyvastiau.be\/?post_type=product&#038;p=14725"},"modified":"2023-11-15T13:35:10","modified_gmt":"2023-11-15T13:35:10","slug":"salle-a-manger-piero","status":"publish","type":"product","link":"https:\/\/willyvastiau.be\/fr\/produit\/salle-a-manger-piero\/","title":{"rendered":"Salle \u00e0 manger Piero"},"content":{"rendered":"","protected":false},"excerpt":{"rendered":"<p>La salle \u00e0 manger PIERO se distingue par son style industriel original, cr\u00e9\u00e9 par le contraste entre le m\u00e9lamin\u00e9 ch\u00eane teinte miel (Hunton) et le noir mat. Reposant sur des pi\u00e9tements m\u00e9talliques noirs \u00e9l\u00e9gants, chaque meuble PIERO apporte chaleur et caract\u00e8re \u00e0 votre s\u00e9jour gr\u00e2ce \u00e0 la teinte chaude et naturelle du m\u00e9lamin\u00e9 et \u00e0 sa structure travaill\u00e9e.<\/p>\n<p>Orn\u00e9s de quincailleries en m\u00e9tal avec rivets, les meubles de la salle \u00e0 manger PIERO \u00e9voquent l&rsquo;atmosph\u00e8re nostalgique des vieilles fermes. La table de 200 cm peut accueillir jusqu&rsquo;\u00e0 8 personnes, et des tables avec rallonges sont \u00e9galement disponibles.<\/p>\n<p>Avec des portes coulissantes et des tiroirs, les meubles de cette salle \u00e0 manger offrent un espace de rangement pratique pour la vaisselle et les ustensiles de cuisine.<\/p>\n<p>Composition sugg\u00e9r\u00e9e pour la salle \u00e0 manger compl\u00e8te :<\/p>\n<ul>\n<li>Un dressoir de 225 cm avec 2 portes coulissantes et 3 tiroirs.<\/li>\n<li>Un argentier de 121 cm avec 1 porte, 3 tiroirs et 6 petites niches.<\/li>\n<li>Une table de 200 cm.<\/li>\n<li>4 chaises.<\/li>\n<\/ul>\n","protected":false},"featured_media":14740,"comment_status":"open","ping_status":"closed","template":"","meta":{"inline_featured_image":false},"pwb-brand":[426],"product_brand":[],"product_cat":[93,78],"product_tag":[],"class_list":{"0":"post-14725","1":"product","2":"type-product","3":"status-publish","4":"has-post-thumbnail","6":"pwb-brand-bauwens","7":"product_cat-ensemble-salle-a-manger","8":"product_cat-salle-a-manger","10":"first","11":"instock","12":"shipping-taxable","13":"product-type-simple"},"aioseo_notices":[],"brands":[{"id":426,"name":"Bauwens","slug":"bauwens"}],"_links":{"self":[{"href":"https:\/\/willyvastiau.be\/fr\/wp-json\/wp\/v2\/product\/14725","targetHints":{"allow":["GET"]}}],"collection":[{"href":"https:\/\/willyvastiau.be\/fr\/wp-json\/wp\/v2\/product"}],"about":[{"href":"https:\/\/willyvastiau.be\/fr\/wp-json\/wp\/v2\/types\/product"}],"replies":[{"embeddable":true,"href":"https:\/\/willyvastiau.be\/fr\/wp-json\/wp\/v2\/comments?post=14725"}],"wp:featuredmedia":[{"embeddable":true,"href":"https:\/\/willyvastiau.be\/fr\/wp-json\/wp\/v2\/media\/14740"}],"wp:attachment":[{"href":"https:\/\/willyvastiau.be\/fr\/wp-json\/wp\/v2\/media?parent=14725"}],"wp:term":[{"taxonomy":"pwb-brand","embeddable":true,"href":"https:\/\/willyvastiau.be\/fr\/wp-json\/wp\/v2\/pwb-brand?post=14725"},{"taxonomy":"product_brand","embeddable":true,"href":"https:\/\/willyvastiau.be\/fr\/wp-json\/wp\/v2\/product_brand?post=14725"},{"taxonomy":"product_cat","embeddable":true,"href":"https:\/\/willyvastiau.be\/fr\/wp-json\/wp\/v2\/product_cat?post=14725"},{"taxonomy":"product_tag","embeddable":true,"href":"https:\/\/willyvastiau.be\/fr\/wp-json\/wp\/v2\/product_tag?post=14725"}],"curies":[{"name":"wp","href":"https:\/\/api.w.org\/{rel}","templated":true}]}}

Salle à manger Piero

<p>La salle à manger PIERO se distingue par son style industriel original, créé par le contraste entre le mélaminé chêne teinte miel (Hunton) et le noir mat. Reposant sur des piétements métalliques noirs élégants, chaque meuble PIERO apporte chaleur et caractère à votre séjour grâce à la teinte chaude et naturelle du mélaminé et à sa structure travaillée.</p>
<p>Ornés de quincailleries en métal avec rivets, les meubles de la salle à manger PIERO évoquent l&rsquo;atmosphère nostalgique des vieilles fermes. La table de 200 cm peut accueillir jusqu&rsquo;à 8 personnes, et des tables avec rallonges sont également disponibles.</p>
<p>Avec des portes coulissantes et des tiroirs, les meubles de cette salle à manger offrent un espace de rangement pratique pour la vaisselle et les ustensiles de cuisine.</p>
<p>Composition suggérée pour la salle à manger complète :</p>
<ul>
<li>Un dressoir de 225 cm avec 2 portes coulissantes et 3 tiroirs.</li>
<li>Un argentier de 121 cm avec 1 porte, 3 tiroirs et 6 petites niches.</li>
<li>Une table de 200 cm.</li>
<li>4 chaises.</li>
</ul>
