{"id":17314,"date":"2023-12-15T10:07:59","date_gmt":"2023-12-15T10:07:59","guid":{"rendered":"https:\/\/willyvastiau.be\/?post_type=product&#038;p=17314"},"modified":"2023-12-15T10:20:58","modified_gmt":"2023-12-15T10:20:58","slug":"armoire-westside","status":"publish","type":"product","link":"https:\/\/willyvastiau.be\/fr\/produit\/armoire-westside\/","title":{"rendered":"Armoire Westside"},"content":{"rendered":"<p>Le portefeuille de produits propose une vari\u00e9t\u00e9 de huit largeurs d&rsquo;armoires distinctes. \u00c0 partir d&rsquo;une largeur de 330 cm, l&rsquo;armoire est livr\u00e9e en standard avec une ouverture synchronis\u00e9e pour les portes centrales, assurant ainsi un confort maximal. Si vous le souhaitez, vous avez \u00e9galement la possibilit\u00e9 de combiner cette collection de portes coulissantes avec notre gamme de portes battantes EASTSIDE !<\/p>\n<p>L&rsquo;armoire est disponible en deux hauteurs diff\u00e9rentes &#8211; 217 cm ou 236 cm. Enveloppez votre armoire d&rsquo;un cadre passe-partout, avec la possibilit\u00e9 de choisir entre une version avec ou sans \u00e9clairage &#8211; ainsi, votre armoire attirera tous les regards !<\/p>\n<p>Cette offre compl\u00e8te est accompagn\u00e9e d&rsquo;une vaste gamme de meubles d&rsquo;appoint, comprenant des commodes, des miroirs suspendus et diverses options d&rsquo;\u00e9clairage pour r\u00e9pondre \u00e0 tous vos besoins.<\/p>\n","protected":false},"excerpt":{"rendered":"<p>L&rsquo;\u00e9l\u00e9ment distinctif qui fait toute la diff\u00e9rence ! Le programme WESTSIDE propose des armoires \u00e0 portes coulissantes uniques, disponibles dans six couleurs de corps attrayantes. Ces armoires offrent la possibilit\u00e9 de combiner diff\u00e9rentes couleurs de fa\u00e7ade, cr\u00e9ant ainsi une esth\u00e9tique personnalis\u00e9e. En fonction de la couleur du corps, la fa\u00e7ade est visuellement divis\u00e9e en deux ou cinq \u00e9l\u00e9ments gr\u00e2ce \u00e0 des baguettes d\u00e9coratives assorties, qu&rsquo;elles soient chrom\u00e9es ou noires. Le choix de couleurs pour les fa\u00e7ades inclut des portes en bois assorties \u00e0 la teinte du corps ou une combinaison \u00e9l\u00e9gante avec des portes en verre d\u00e9clin\u00e9es dans diff\u00e9rentes nuances. De plus, les portes miroir en cristal peuvent venir compl\u00e9ter la fa\u00e7ade. En somme, une diversit\u00e9 maximale d&rsquo;options pour r\u00e9pondre \u00e0 toutes les pr\u00e9f\u00e9rences !<\/p>\n","protected":false},"featured_media":17315,"comment_status":"open","ping_status":"closed","template":"","meta":{"inline_featured_image":false},"pwb-brand":[1062],"product_brand":[],"product_cat":[80,107],"product_tag":[],"class_list":{"0":"post-17314","1":"product","2":"type-product","3":"status-publish","4":"has-post-thumbnail","6":"pwb-brand-wiemann","7":"product_cat-chambre-a-coucher","8":"product_cat-dressing-armoire","10":"first","11":"instock","12":"shipping-taxable","13":"product-type-simple"},"aioseo_notices":[],"brands":[{"id":1062,"name":"Wiemann","slug":"wiemann"}],"_links":{"self":[{"href":"https:\/\/willyvastiau.be\/fr\/wp-json\/wp\/v2\/product\/17314","targetHints":{"allow":["GET"]}}],"collection":[{"href":"https:\/\/willyvastiau.be\/fr\/wp-json\/wp\/v2\/product"}],"about":[{"href":"https:\/\/willyvastiau.be\/fr\/wp-json\/wp\/v2\/types\/product"}],"replies":[{"embeddable":true,"href":"https:\/\/willyvastiau.be\/fr\/wp-json\/wp\/v2\/comments?post=17314"}],"wp:featuredmedia":[{"embeddable":true,"href":"https:\/\/willyvastiau.be\/fr\/wp-json\/wp\/v2\/media\/17315"}],"wp:attachment":[{"href":"https:\/\/willyvastiau.be\/fr\/wp-json\/wp\/v2\/media?parent=17314"}],"wp:term":[{"taxonomy":"pwb-brand","embeddable":true,"href":"https:\/\/willyvastiau.be\/fr\/wp-json\/wp\/v2\/pwb-brand?post=17314"},{"taxonomy":"product_brand","embeddable":true,"href":"https:\/\/willyvastiau.be\/fr\/wp-json\/wp\/v2\/product_brand?post=17314"},{"taxonomy":"product_cat","embeddable":true,"href":"https:\/\/willyvastiau.be\/fr\/wp-json\/wp\/v2\/product_cat?post=17314"},{"taxonomy":"product_tag","embeddable":true,"href":"https:\/\/willyvastiau.be\/fr\/wp-json\/wp\/v2\/product_tag?post=17314"}],"curies":[{"name":"wp","href":"https:\/\/api.w.org\/{rel}","templated":true}]}}

<p>Le portefeuille de produits propose une variété de huit largeurs d&rsquo;armoires distinctes. À partir d&rsquo;une largeur de 330 cm, l&rsquo;armoire est livrée en standard avec une ouverture synchronisée pour les portes centrales, assurant ainsi un confort maximal. Si vous le souhaitez, vous avez également la possibilité de combiner cette collection de portes coulissantes avec notre gamme de portes battantes EASTSIDE !</p>
<p>L&rsquo;armoire est disponible en deux hauteurs différentes &#8211; 217 cm ou 236 cm. Enveloppez votre armoire d&rsquo;un cadre passe-partout, avec la possibilité de choisir entre une version avec ou sans éclairage &#8211; ainsi, votre armoire attirera tous les regards !</p>
<p>Cette offre complète est accompagnée d&rsquo;une vaste gamme de meubles d&rsquo;appoint, comprenant des commodes, des miroirs suspendus et diverses options d&rsquo;éclairage pour répondre à tous vos besoins.</p>

<p>L&rsquo;élément distinctif qui fait toute la différence ! Le programme WESTSIDE propose des armoires à portes coulissantes uniques, disponibles dans six couleurs de corps attrayantes. Ces armoires offrent la possibilité de combiner différentes couleurs de façade, créant ainsi une esthétique personnalisée. En fonction de la couleur du corps, la façade est visuellement divisée en deux ou cinq éléments grâce à des baguettes décoratives assorties, qu&rsquo;elles soient chromées ou noires. Le choix de couleurs pour les façades inclut des portes en bois assorties à la teinte du corps ou une combinaison élégante avec des portes en verre déclinées dans différentes nuances. De plus, les portes miroir en cristal peuvent venir compléter la façade. En somme, une diversité maximale d&rsquo;options pour répondre à toutes les préférences !</p>
